{"id":52,"date":"2023-10-29T11:28:15","date_gmt":"2023-10-29T11:28:15","guid":{"rendered":"https:\/\/steuerberater-meyer.com\/?page_id=52"},"modified":"2025-03-06T15:13:17","modified_gmt":"2025-03-06T15:13:17","slug":"leistungen","status":"publish","type":"page","link":"https:\/\/steuerberater-meyer.com\/?page_id=52","title":{"rendered":"Leistungen"},"content":{"rendered":"<div  class='flex_column av-1fyvg-6271fe0abc3ea58177b4fb79490088fc av_three_fourth  avia-builder-el-0  el_before_av_one_fourth  avia-builder-el-first  first flex_column_div  '     ><section  class='av_textblock_section av-lobe0iag-777bdd46fedcbd192b7d6723df879d86 '   itemscope=\"itemscope\" itemtype=\"https:\/\/schema.org\/CreativeWork\" ><div class='avia_textblock'  itemprop=\"text\" ><h2>+ Steuerliche Beratung<\/h2>\n<p><span style=\"color: #ffffff;\">.<\/span><\/p>\n<h2>+ Steuererkl\u00e4rungen f\u00fcr Privatpersonen und Unternehmen<\/h2>\n<p><span style=\"color: #ffffff;\">.<\/span><\/p>\n<h2>+ Buchf\u00fchrung, Lohnabrechnungen und Jahresabschl\u00fcsse f\u00fcr Unternehmen<\/h2>\n<p>Ich arbeite gerne digital, so dass ein Postversand der Unterlagen nicht mehr n\u00f6tig ist.<\/p>\n<\/div><\/section><\/div><div  class='flex_column av-10tt8-6b9636875889d92627f5169b421328ba av_one_fourth  avia-builder-el-2  el_after_av_three_fourth  avia-builder-el-last  flex_column_div  '     ><\/div><\/p>\n","protected":false},"excerpt":{"rendered":"","protected":false},"author":1,"featured_media":0,"parent":0,"menu_order":0,"comment_status":"closed","ping_status":"closed","template":"","meta":{"footnotes":""},"class_list":["post-52","page","type-page","status-publish","hentry"],"_links":{"self":[{"href":"https:\/\/steuerberater-meyer.com\/index.php?rest_route=\/wp\/v2\/pages\/52","targetHints":{"allow":["GET"]}}],"collection":[{"href":"https:\/\/steuerberater-meyer.com\/index.php?rest_route=\/wp\/v2\/pages"}],"about":[{"href":"https:\/\/steuerberater-meyer.com\/index.php?rest_route=\/wp\/v2\/types\/page"}],"author":[{"embeddable":true,"href":"https:\/\/steuerberater-meyer.com\/index.php?rest_route=\/wp\/v2\/users\/1"}],"replies":[{"embeddable":true,"href":"https:\/\/steuerberater-meyer.com\/index.php?rest_route=%2Fwp%2Fv2%2Fcomments&post=52"}],"version-history":[{"count":8,"href":"https:\/\/steuerberater-meyer.com\/index.php?rest_route=\/wp\/v2\/pages\/52\/revisions"}],"predecessor-version":[{"id":67,"href":"https:\/\/steuerberater-meyer.com\/index.php?rest_route=\/wp\/v2\/pages\/52\/revisions\/67"}],"wp:attachment":[{"href":"https:\/\/steuerberater-meyer.com\/index.php?rest_route=%2Fwp%2Fv2%2Fmedia&parent=52"}],"curies":[{"name":"wp","href":"https:\/\/api.w.org\/{rel}","templated":true}]}}