{"id":25,"date":"2023-09-24T10:10:12","date_gmt":"2023-09-24T10:10:12","guid":{"rendered":"https:\/\/steuerberater-meyer.com\/?page_id=25"},"modified":"2023-10-29T11:24:51","modified_gmt":"2023-10-29T11:24:51","slug":"impressum","status":"publish","type":"page","link":"https:\/\/steuerberater-meyer.com\/?page_id=25","title":{"rendered":"Impressum"},"content":{"rendered":"<div  class='flex_column av-12k4x-792c7c1837636e0237a68d685ff55144 av_one_full  avia-builder-el-0  el_before_av_two_third  avia-builder-el-first  first flex_column_div  '     ><style type=\"text\/css\" data-created_by=\"avia_inline_auto\" id=\"style-css-av-lmxbp0mf-0fbe4526b18778888dee12c45e97b782\">\n#top .av-special-heading.av-lmxbp0mf-0fbe4526b18778888dee12c45e97b782{\npadding-bottom:10px;\n}\nbody .av-special-heading.av-lmxbp0mf-0fbe4526b18778888dee12c45e97b782 .av-special-heading-tag .heading-char{\nfont-size:25px;\n}\n.av-special-heading.av-lmxbp0mf-0fbe4526b18778888dee12c45e97b782 .av-subheading{\nfont-size:15px;\n}\n<\/style>\n<div  class='av-special-heading av-lmxbp0mf-0fbe4526b18778888dee12c45e97b782 av-special-heading-h1 blockquote modern-quote  avia-builder-el-1  avia-builder-el-no-sibling '><h1 class='av-special-heading-tag'  itemprop=\"headline\"  >Impressum<\/h1><div class=\"special-heading-border\"><div class=\"special-heading-inner-border\"><\/div><\/div><\/div><\/div>\n<div  class='flex_column av-1z4o1-c9c6e8a8447d24c70097ed25a984d517 av_two_third  avia-builder-el-2  el_after_av_one_full  el_before_av_one_third  first flex_column_div  column-top-margin'     ><section  class='av_textblock_section av-lmxat4se-5898dfbf4e8edc94fd0541d18b0a1bed '   itemscope=\"itemscope\" itemtype=\"https:\/\/schema.org\/CreativeWork\" ><div class='avia_textblock'  itemprop=\"text\" ><p>Marco Meyer<br \/>\nSteuerberater<br \/>\nSchulauer Str.21<br \/>\n22880 Wedel<\/p>\n<p>Telefon (04103) 967 21 36<br \/>\nE-Mail <a class=\"ms-outlook-linkify\" href=\"mailto:mail@Steuerberater-Meyer.com\">mail@Steuerberater-Meyer.com<\/a><\/p>\n<h2>Aufsichtsbeh\u00f6rden:<\/h2>\n<p>Steuerberaterkammer Schleswig-Holstein, Hofenstra\u00dfe 2d, 24114 Kiel<\/p>\n<h2>Berufliche Regelungen<\/h2>\n<p>Steuerberatungsgesetz (StBerG)<br \/>\nDurchf\u00fchrungsverordnung zum Steuerberatungsgesetz (DVStB)<br \/>\nBerufsordnung der Bundessteuerberaterkammer (BOStB)<br \/>\nSteuerberaterverg\u00fctungsverordnung (StBVV)<\/p>\n<h2>Berufshaftpflichtversicherung<\/h2>\n<p>Allianz Versicherungs- AG Hamburg<\/p>\n<h2>Umsatzsteuer-Identifikationsnummer<\/h2>\n<p>DE 362088690<\/p>\n<h2>Verantwortlich f\u00fcr den Internetauftritt<\/h2>\n<p>Marco Meyer Schulauer Str.21 22880 Wedel<\/p>\n<h2>Streitschlichtung<\/h2>\n<p>Wir sind nicht bereit oder verpflichtet, an Streitbeilegungsverfahren vor einer Verbraucherschlichtungsstelle teilzunehmen.<\/p>\n<h2>Haftung f\u00fcr Inhalte<\/h2>\n<p>Als Diensteanbieter sind wir gem\u00e4\u00df \u00a7 7 Abs.1 TMG f\u00fcr eigene Inhalte auf diesen Seiten nach den allgemeinen Gesetzen verantwortlich. Nach \u00a7\u00a7 8 bis 10 TMG sind wir als Diensteanbieter jedoch nicht verpflichtet, \u00fcbermittelte oder gespeicherte fremde Informationen zu \u00fcberwachen oder nach Umst\u00e4nden zu forschen, die auf eine rechtswidrige T\u00e4tigkeit hinweisen.<\/p>\n<p>Verpflichtungen zur Entfernung oder Sperrung der Nutzung von Informationen nach den allgemeinen Gesetzen bleiben hiervon unber\u00fchrt. Eine diesbez\u00fcgliche Haftung ist jedoch erst ab dem Zeitpunkt der Kenntnis einer konkreten Rechtsverletzung m\u00f6glich. Bei Bekanntwerden von entsprechenden Rechtsverletzungen werden wir diese Inhalte umgehend entfernen.<\/p>\n<h2>Haftung f\u00fcr Links<\/h2>\n<p>Unser Angebot enth\u00e4lt Links zu externen Websites Dritter, auf deren Inhalte wir keinen Einfluss haben. Deshalb k\u00f6nnen wir f\u00fcr diese fremden Inhalte auch keine Gew\u00e4hr \u00fcbernehmen. F\u00fcr die Inhalte der verlinkten Seiten ist stets der jeweilige Anbieter oder Betreiber der Seiten verantwortlich. Die verlinkten Seiten wurden zum Zeitpunkt der Verlinkung auf m\u00f6gliche Rechtsverst\u00f6\u00dfe \u00fcberpr\u00fcft. Rechtswidrige Inhalte waren zum Zeitpunkt der Verlinkung nicht erkennbar.<\/p>\n<p>Eine permanente inhaltliche Kontrolle der verlinkten Seiten ist jedoch ohne konkrete Anhaltspunkte einer Rechtsverletzung nicht zumutbar. Bei Bekanntwerden von Rechtsverletzungen werden wir derartige Links umgehend entfernen.<\/p>\n<h2>Urheberrecht<\/h2>\n<p>Die durch die Seitenbetreiber erstellten Inhalte und Werke auf diesen Seiten unterliegen dem deutschen Urheberrecht. Die Vervielf\u00e4ltigung, Bearbeitung, Verbreitung und jede Art der Verwertung au\u00dferhalb der Grenzen des Urheberrechtes bed\u00fcrfen der schriftlichen Zustimmung des jeweiligen Autors bzw. Erstellers. Downloads und Kopien dieser Seite sind nur f\u00fcr den privaten, nicht kommerziellen Gebrauch gestattet.<\/p>\n<p>Soweit die Inhalte auf dieser Seite nicht vom Betreiber erstellt wurden, werden die Urheberrechte Dritter beachtet. Insbesondere werden Inhalte Dritter als solche gekennzeichnet. Sollten Sie trotzdem auf eine Urheberrechtsverletzung aufmerksam werden, bitten wir um einen entsprechenden Hinweis. Bei Bekanntwerden von Rechtsverletzungen werden wir derartige Inhalte umgehend entfernen.<\/p>\n<p>Quelle: <a href=\"https:\/\/www.e-recht24.de\/\">erecht24.de<\/a><\/p>\n<h2>Quellenangaben f\u00fcr verwendete Fotos und Grafiken<\/h2>\n<div class=\"product-contrib\">\n<div class=\"product-contrib\">\n<div class=\"product-contrib\">\n<div class=\"product-contrib\">\n<p><strong>Portrait:<\/strong><\/p>\n<p>Heike Siegert<\/p>\n<\/div>\n<\/div>\n<\/div>\n<\/div>\n<\/div><\/section><\/div><div  class='flex_column av-1exyx-f3dabb9a0c50ec94ddea8a4427a1c372 av_one_third  avia-builder-el-4  el_after_av_two_third  avia-builder-el-last  flex_column_div  column-top-margin'     ><\/div><\/p>\n","protected":false},"excerpt":{"rendered":"","protected":false},"author":1,"featured_media":0,"parent":0,"menu_order":0,"comment_status":"closed","ping_status":"closed","template":"","meta":{"footnotes":""},"class_list":["post-25","page","type-page","status-publish","hentry"],"_links":{"self":[{"href":"https:\/\/steuerberater-meyer.com\/index.php?rest_route=\/wp\/v2\/pages\/25","targetHints":{"allow":["GET"]}}],"collection":[{"href":"https:\/\/steuerberater-meyer.com\/index.php?rest_route=\/wp\/v2\/pages"}],"about":[{"href":"https:\/\/steuerberater-meyer.com\/index.php?rest_route=\/wp\/v2\/types\/page"}],"author":[{"embeddable":true,"href":"https:\/\/steuerberater-meyer.com\/index.php?rest_route=\/wp\/v2\/users\/1"}],"replies":[{"embeddable":true,"href":"https:\/\/steuerberater-meyer.com\/index.php?rest_route=%2Fwp%2Fv2%2Fcomments&post=25"}],"version-history":[{"count":8,"href":"https:\/\/steuerberater-meyer.com\/index.php?rest_route=\/wp\/v2\/pages\/25\/revisions"}],"predecessor-version":[{"id":51,"href":"https:\/\/steuerberater-meyer.com\/index.php?rest_route=\/wp\/v2\/pages\/25\/revisions\/51"}],"wp:attachment":[{"href":"https:\/\/steuerberater-meyer.com\/index.php?rest_route=%2Fwp%2Fv2%2Fmedia&parent=25"}],"curies":[{"name":"wp","href":"https:\/\/api.w.org\/{rel}","templated":true}]}}